3*v - 675 = 5*j - 173. What is the tens digit of v?
5
Suppose 71 = 5*s - 69. What is the tens digit of s?
2
Let p = 34 + 89. What is the hundreds digit of p?
1
What is the tens digit of 4*(-3 + 27/4)?
1
Suppose 5*h = 7 + 3. Let l be (-13)/4 + h/8. What is the units digit of (-1)/l - 4/(-6)?
1
Let t(u) = -u**3 + 7*u**2 - 5*u - 6. Let n be t(6). Suppose 4*r - 6*r + 22 = n. What is the tens digit of r?
1
Suppose -z = 3 - 6. Suppose z*x - 5*i - 41 = 5, 4*x - 2*i - 80 = 0. What is the tens digit of x?
2
Let m(a) = -19*a - 6. What is the tens digit of m(-5)?
8
Let f(g) = 3*g**3 - 7*g**2 - 5. What is the hundreds digit of f(6)?
3
Let u(p) = -p**2 - 8*p - 3. Let m be u(-7). Suppose 0 = 2*h - 0*x + m*x - 12, h + 3*x = 8. What is the units digit of h?
2
What is the units digit of (-4)/12*15*-13?
5
Let l = -2 - -23. What is the units digit of l?
1
Suppose 0 = 5*c + 2*q - 5, 4*q + 27 = 4*c + q. Suppose -w = c*x + 1, -2*x - 3*x = -3*w - 3. What is the units digit of 21/6 + w/(-2)?
4
What is the units digit of (-59580)/(-260) - 4/26?
9
Let b(o) = -106*o - 5. What is the tens digit of b(-1)?
0
Suppose -5*v + v = -12. What is the units digit of v?
3
Let v be (1*10)/((-4)/(-16)). Let a = v + -22. Let o = 31 - a. What is the units digit of o?
3
Suppose 104 = 4*u - 32. Let s = u - 5. What is the tens digit of s?
2
Let b be -9*((-2)/(-3) - 0). Let s be ((-4)/b)/(10/15). Suppose -36 + s = -5*p. What is the units digit of p?
7
Suppose -2*f + 3*h - 13 = -0*f, 5*h - 25 = 0. What is the units digit of f?
1
Let u(x) = x + 4. Let n be u(0). Suppose -j - n = 3*j. Let a(l) = -6*l**3 - 2*l - 1. What is the units digit of a(j)?
7
Suppose -4*o + 262 = -438. What is the hundreds digit of o?
1
Let w(t) = t**3 + 7*t**2 + t + 7. What is the units digit of w(-5)?
2
What is the units digit of (-15)/(-3)*-18*-1?
0
Suppose 0 = -z + 3*a - 1, -4 = 6*z - 2*z - a. Let q(w) = -54*w + 1. What is the tens digit of q(z)?
5
Let c(r) = -13*r**3 - 1. What is the tens digit of c(-1)?
1
Suppose -z + 7 = 4*f, 0*z = -5*f - z + 9. Suppose f*g = -t + 2*t + 10, 0 = 2*t + 8. What is the units digit of g?
3
Let c be ((-9)/(-2))/(1/(-2)). Let y = c - -19. What is the tens digit of y?
1
Let f = -5 + 7. Suppose 4*b - 10 = f*b. Suppose -2*z - 3 = -b. What is the units digit of z?
1
Suppose -4*a + 20 + 43 = -3*d, 2*d = 6. Suppose -r = -a + 6. What is the units digit of r?
2
Let t = 54 + -27. What is the units digit of t?
7
Let x(t) = 19*t - 3. What is the units digit of x(7)?
0
Let x be (1 + (-20 - -2))/(-1). Let n = x - 38. What is the units digit of 2/((-48)/n - 2)?
7
Suppose 2*z = -5*v + 774, 0 = -5*z - 5*v + 554 + 1381. What is the hundreds digit of z?
3
Let v = -12 + 8. Let f = -7 + -3. What is the units digit of (-35)/f - 2/v?
4
Suppose -r - 27 - 42 = -2*z, -5*z - 4*r + 166 = 0. What is the tens digit of z?
3
Suppose 5*q = 7*q - 252. What is the units digit of ((-1)/2)/((-3)/q)?
1
Let w(z) = -2*z**3 - 6*z**2 - 2*z - 1. Let m be w(-4). Suppose -344 = -5*h - m. What is the units digit of h?
1
Suppose -2*w = -38 - 42. What is the tens digit of w?
4
What is the units digit of 3/(18/1086) + -4?
7
Let n(f) = -f**3 - 7*f**2 + 1. Let q be 3/6*-1*-2. Let m = q - 8. What is the units digit of n(m)?
1
Let d(t) = -5*t**2 + 1 + 0*t**3 + 2*t**2 - 2*t - 2*t**3. What is the units digit of d(-2)?
9
Let a(x) = x - 9. Let y be a(12). Suppose -y*w = -2*w - 2, -5*v = -w - 138. What is the units digit of v?
8
Let k = 1 - -103. What is the hundreds digit of k?
1
Suppose -4*g + 0*a + 3*a - 145 = 0, 0 = 3*g - 4*a + 114. Let t = 61 + g. What is the units digit of t?
7
Let i(q) = 5*q**3 - 10*q**2 - q - 11. Let l(g) = -g**3 + g**2 + 1. Let c(s) = -i(s) - 6*l(s). What is the units digit of c(-4)?
1
Let l(h) be the third derivative of -h**7/1680 - h**6/144 - h**5/15 + h**2. Let d(g) be the third derivative of l(g). What is the tens digit of d(-7)?
1
Let g(r) = r**3 - 7*r**2 + 4*r + 7. What is the units digit of g(8)?
3
Let o = -41 + 59. What is the units digit of o?
8
Suppose -21 - 109 = -2*a. Suppose a + 1 = 3*q. What is the tens digit of q?
2
Let v = 6 - 6. Suppose -2*h + i + 0*i - 15 = v, h + 3*i = 10. Let w = h - -16. What is the tens digit of w?
1
What is the tens digit of (80/(-25))/8 - 614/(-10)?
6
Let u(x) = -x**2 + 11*x + 2. Let w be u(9). Let n = w + -14. What is the units digit of n?
6
Suppose 11 + 17 = -2*d. What is the tens digit of (-248)/d - 10/(-35)?
1
Suppose t = -c - 10, 2*t - 7*t + 4*c = 41. Let n(y) = -y - 5. What is the units digit of n(t)?
4
Let q(f) = 10*f**3 - 3*f + 3. What is the tens digit of q(2)?
7
Let x(v) = -3*v**3 - v**2 - 2*v - 2. Let o be x(-2). Suppose 0*c = c - o. What is the units digit of c?
2
Suppose i - 2*a - 174 = -3*i, -114 = -3*i - 4*a. What is the tens digit of i?
4
Suppose a = -0*a. Suppose 0 = -s - 4*s - 20, a = -2*v - 2*s - 4. Suppose 1 = -g + v. What is the units digit of g?
1
Let j(v) = -4*v - 9. What is the units digit of j(-5)?
1
Suppose -t - 3*k + 20 = 0, 96 = 4*t - 4*k - 0*k. Suppose 4*c + 16 = 0, b = -4*c - t + 5. What is the units digit of b/(2/(-19)) - 3?
6
Suppose -10*u + 14*u = 4. What is the units digit of u?
1
Let i be 7/((-14)/6) + 120. Let b = -59 + i. What is the units digit of b?
8
Let h = 137 + -92. What is the tens digit of h?
4
Let w be (20/(-25))/((-2)/40). Let s = -29 + w. Let g = s - -19. What is the units digit of g?
6
Let h(f) be the second derivative of -f**4/12 + 7*f**3/6 + 2*f**2 - f. What is the tens digit of h(5)?
1
Let l = 14 + -9. Suppose 3 - l = -a. What is the units digit of a?
2
Let i(n) = -n**3 - 4*n**2 - n + 2. Let s be i(-3). Let k(v) = -3*v + 1. What is the units digit of k(s)?
3
Let k = -25 - -9. What is the units digit of 6/k*-6*4?
9
Suppose 0 = 3*g - 16*g + 325. What is the tens digit of g?
2
Let z(v) = v**3 - 3*v**2 - 4*v + 1. Let b be z(4). Suppose -x + 2 = b. What is the units digit of x?
1
Let x = -27 + 55. Let h be x/6 + 2/6. Suppose 77 = h*f + 3*k + k, -53 = -5*f + 4*k. What is the tens digit of f?
1
Let s(n) = n + 14. Let f be s(0). Suppose -2*y = 4 - f. What is the units digit of y?
5
Let v be -2*(21/(-2) - -2). Let h(o) = -o**2 - 7*o + 11. Let w be h(-9). Let p = v + w. What is the tens digit of p?
1
Let n(d) = 2*d**2 - 2*d - 2. Let z be n(3). Let w = -1 + z. Let u = w + -4. What is the units digit of u?
5
Suppose 0 = -s - 4*y - 13, 0*s + 4*s + 5*y + 19 = 0. What is the units digit of 2/(s - 15/(-12))?
8
Let o be (0 - -1) + 45/3. What is the units digit of o/(-24) + (-35)/(-3)?
1
Suppose -5*q = 5*g + 30, -8*g - 4*q = -3*g + 25. What is the tens digit of 1/g*(4 - 15)?
1
Let a be 4/(((-4)/3)/2). Let q be (9/a)/(3/6). What is the units digit of (-7)/(-3) + 1/q?
2
Suppose 2*f + 25 = -47. Let k be 5*(0 - f/15). Suppose 2*n = k + 6. What is the units digit of n?
9
Suppose -7 = 3*n + 17. Let c(t) = -t**3 + 5*t**2 + 10*t - 8. Let i be c(6). Let g = i + n. What is the units digit of g?
8
Let i = 7 - -25. What is the tens digit of i?
3
Let g be (-1 + 2)/(5/185). Let l = g + -18. What is the tens digit of l?
1
Suppose 170 = -11*q + 16*q. What is the tens digit of q?
3
Suppose h - 7 + 4 = 0. Suppose 0*f + f - h = 0. What is the units digit of f?
3
Let b = -21 + 85. What is the tens digit of b?
6
Let y(c) = 2*c**2 - 20*c + 14. What is the units digit of y(12)?
2
Let d be 10/(-15)*(1 + -22). Suppose -2*h + d = -h. What is the units digit of h?
4
Suppose 10 = 3*c - 8. Let q be (3/2 - 1)*c. Suppose -q*g = -5*g + 4. What is the units digit of g?
2
Let r(i) be the first derivative of -4*i - 3/2*i**2 - 1. What is the units digit of r(-4)?
8
Suppose 2 = -4*h + 94. What is the tens digit of h?
2
Let b(k) = -k**2 - 4*k - 3. Let z be b(-3). Let c = z - 0. Suppose 4*w + 0*w - 8 = c. What is the units digit of w?
2
Let t(s) = s**3 - s**2 + s + 5. Let z be t(0). Suppose -2*l + l = -z*o + 35, -4*o + 5*l = -49. What is the units digit of ((-16)/6)/((-2)/o)?
8
Let t(p) = p + 8. Suppose -5*o + 2*y + 0 = 35, -4*o = 3*y + 5. What is the units digit of t(o)?
3
Suppose -g - 113 = -4*g + d, -3*g + 121 = -5*d. Let m = 25 - 47. Let w = m + g. What is the units digit of w?
5
Suppose -34 - 288 = -2*f. What is the units digit of f?
1
Let c(b) = 2*b**2 - 8*b - 7. Let h be c(10). Suppose -3*z = 4*n - h, -7*z + 2*z = 4*n - 183. What is the tens digit of z?
3
Suppose -4*k =